{"id":27,"date":"2014-09-25T23:08:40","date_gmt":"2014-09-25T22:08:40","guid":{"rendered":"http:\/\/www.ados.mpt-barsuraube.fr\/?page_id=27"},"modified":"2025-02-06T15:39:04","modified_gmt":"2025-02-06T14:39:04","slug":"lequipe-du-club-ados","status":"publish","type":"page","link":"https:\/\/www.ados.mpt-barsuraube.fr\/?page_id=27","title":{"rendered":"L&rsquo;\u00e9quipe d&rsquo;anim"},"content":{"rendered":"<p>Val\u00e9rie DUBOIS, animatrice socio-culturelle et Arnaud ORTILLON, animateur sportif, dirigent l&rsquo;accueil ados.<\/p>\n<p>Val\u00e9rie d\u00e9veloppe avec les jeunes les projets de jeunes \u00ab\u00a0s\u00e9jour estival \u00e9t\u00e9 2025\u00a0\u00bb et d&rsquo;autres projets de jeunes (projet vid\u00e9o court-m\u00e9trage, projet artistique et cr\u00e9atif).<\/p>\n<p>Arnaud accompagne les jeunes sur le projet Volley-ball, le projet cano\u00eb ados pour les jeunes \u00ab\u00a0Pagaies des Jeunes\u00a0\u00bb.<\/p>\n<p>L&rsquo;accueil ados est ouvert les mercredis de 14h \u00e0 18h30 et aux vacances scolaires selon le programme \u00e9tabli. L&rsquo;accueil ados est ouvert \u00e9galement pendant la p\u00e9riode scolaire les lundis, mardis, jeudis et vendredis de 16h \u00e0 18h30 dans le cadre du CLAS : aides et accompagnement scolaire (Contrat Local d&rsquo;Accompagnement \u00e0 la Scolarit\u00e9).<\/p>\n<p>Ponctuellement, des animateurs vacataires ou des b\u00e9n\u00e9voles viennent renforcer l&rsquo;\u00e9quipe d&rsquo;animation sur des p\u00e9riodes de vacances ou lors de s\u00e9jours.<\/p>\n<p>N&rsquo;h\u00e9sitez \u00e0 venir nous rencontrer \u00e0 la MPT !!!<\/p>\n","protected":false},"excerpt":{"rendered":"<p>Val\u00e9rie DUBOIS, animatrice socio-culturelle et Arnaud ORTILLON, animateur sportif, dirigent l&rsquo;accueil ados. Val\u00e9rie d\u00e9veloppe avec les jeunes les projets de jeunes \u00ab\u00a0s\u00e9jour estival \u00e9t\u00e9 2025\u00a0\u00bb et d&rsquo;autres projets de jeunes (projet vid\u00e9o court-m\u00e9trage, projet artistique et cr\u00e9atif). Arnaud accompagne les&hellip; <\/p>\n","protected":false},"author":2,"featured_media":0,"parent":0,"menu_order":4,"comment_status":"closed","ping_status":"closed","template":"","meta":[],"_links":{"self":[{"href":"https:\/\/www.ados.mpt-barsuraube.fr\/index.php?rest_route=\/wp\/v2\/pages\/27"}],"collection":[{"href":"https:\/\/www.ados.mpt-barsuraube.fr\/index.php?rest_route=\/wp\/v2\/pages"}],"about":[{"href":"https:\/\/www.ados.mpt-barsuraube.fr\/index.php?rest_route=\/wp\/v2\/types\/page"}],"author":[{"embeddable":true,"href":"https:\/\/www.ados.mpt-barsuraube.fr\/index.php?rest_route=\/wp\/v2\/users\/2"}],"replies":[{"embeddable":true,"href":"https:\/\/www.ados.mpt-barsuraube.fr\/index.php?rest_route=%2Fwp%2Fv2%2Fcomments&post=27"}],"version-history":[{"count":16,"href":"https:\/\/www.ados.mpt-barsuraube.fr\/index.php?rest_route=\/wp\/v2\/pages\/27\/revisions"}],"predecessor-version":[{"id":1640,"href":"https:\/\/www.ados.mpt-barsuraube.fr\/index.php?rest_route=\/wp\/v2\/pages\/27\/revisions\/1640"}],"wp:attachment":[{"href":"https:\/\/www.ados.mpt-barsuraube.fr\/index.php?rest_route=%2Fwp%2Fv2%2Fmedia&parent=27"}],"curies":[{"name":"wp","href":"https:\/\/api.w.org\/{rel}","templated":true}]}}