{"id":506,"date":"2018-02-07T09:56:33","date_gmt":"2018-02-07T08:56:33","guid":{"rendered":"http:\/\/www.ados.mpt-barsuraube.fr\/?page_id=506"},"modified":"2025-01-30T11:24:01","modified_gmt":"2025-01-30T10:24:01","slug":"prochaines-vacances","status":"publish","type":"page","link":"https:\/\/www.ados.mpt-barsuraube.fr\/?page_id=506","title":{"rendered":"Tarif"},"content":{"rendered":"<p style=\"text-align: left;\">Pour adh\u00e9rer au club ados, il faut \u00eatre coll\u00e9gien ou lyc\u00e9en et \u00eatre \u00e0 jour de sa cotisation annuelle qui a un co\u00fbt de 12 \u20ac&nbsp; l&rsquo;ann\u00e9e (adh\u00e9sion annuelle qui d\u00e9bute le 1er juillet 2024 et se terminera le 30 juin 2025). Les jeunes qui fr\u00e9quentent le club ados sont \u00e2g\u00e9s de 11 \u00e0 17 ans (18 ans pour les lyc\u00e9ens en Terminal). Les projets de jeunes sont ouverts aux jeunes jusqu&rsquo;\u00e0 24 ans.<\/p>\n<p style=\"text-align: center;\"><a href=\"https:\/\/i2.wp.com\/www.ados.mpt-barsuraube.fr\/wp-content\/uploads\/2018\/02\/Logo-Ados-Transparent.png\"><img decoding=\"async\" loading=\"lazy\" class=\"alignnone size-medium wp-image-922\" src=\"https:\/\/i2.wp.com\/www.ados.mpt-barsuraube.fr\/wp-content\/uploads\/2018\/02\/Logo-Ados-Transparent.png?resize=300%2C243\" alt=\"\" srcset=\"https:\/\/i2.wp.com\/www.ados.mpt-barsuraube.fr\/wp-content\/uploads\/2018\/02\/Logo-Ados-Transparent.png?resize=300%2C243 300w, https:\/\/i2.wp.com\/www.ados.mpt-barsuraube.fr\/wp-content\/uploads\/2018\/02\/Logo-Ados-Transparent.png?w=430 430w\" sizes=\"(max-width: 300px) 100vw, 300px\" data-recalc-dims=\"1\" \/><\/a><\/p>\n<p style=\"text-align: left;\">Il faut \u00e9galement fournir une fiche de renseignements et une fiche sanitaire accompagn\u00e9e de la photocopie des vaccins (voir page dossier d&rsquo;inscription).<\/p>\n<p style=\"text-align: left;\">Les activit\u00e9s ont un co\u00fbt. Sur la plaquette des vacances, chaque activit\u00e9 est accompagn\u00e9 d&rsquo;une lettre allant de Tarif A \u00e0 Tarif P. Il faut conna\u00eetre&nbsp;votre quotient familial qui vous est donn\u00e9 par la CAF ou la MSA. Si vous communiquez votre num\u00e9ro d&rsquo;allocataire CAF \u00e0 l&rsquo;accueil de la MPT, notre secr\u00e9taire sera dans la capacit\u00e9 de vous fournir votre quotient familial (contact : 03 25 27 31 25).<\/p>\n<p style=\"text-align: left;\">Le tableau ci dessous vous permettra de conna\u00eetre le co\u00fbt r\u00e9el que vous paierez :<\/p>\n<p><a href=\"https:\/\/i0.wp.com\/www.ados.mpt-barsuraube.fr\/wp-content\/uploads\/2018\/02\/TARIF-CLUB-ADOS-2024-2025.jpg\"><img decoding=\"async\" loading=\"lazy\" class=\"wp-image-1628 aligncenter\" src=\"https:\/\/i0.wp.com\/www.ados.mpt-barsuraube.fr\/wp-content\/uploads\/2018\/02\/TARIF-CLUB-ADOS-2024-2025.jpg?resize=459%2C649\" alt=\"\" srcset=\"https:\/\/i0.wp.com\/www.ados.mpt-barsuraube.fr\/wp-content\/uploads\/2018\/02\/TARIF-CLUB-ADOS-2024-2025.jpg?resize=212%2C300 212w, https:\/\/i0.wp.com\/www.ados.mpt-barsuraube.fr\/wp-content\/uploads\/2018\/02\/TARIF-CLUB-ADOS-2024-2025.jpg?resize=768%2C1087 768w, https:\/\/i0.wp.com\/www.ados.mpt-barsuraube.fr\/wp-content\/uploads\/2018\/02\/TARIF-CLUB-ADOS-2024-2025.jpg?resize=724%2C1024 724w, https:\/\/i0.wp.com\/www.ados.mpt-barsuraube.fr\/wp-content\/uploads\/2018\/02\/TARIF-CLUB-ADOS-2024-2025.jpg?w=1240 1240w\" sizes=\"(max-width: 459px) 100vw, 459px\" data-recalc-dims=\"1\" \/><\/a><\/p>\n<p style=\"text-align: left;\">Nous sommes \u00e0 votre disposition \u00e0 l&rsquo;accueil de la MPT si vous souhaitez avoir plus de pr\u00e9cisions. Val\u00e9rie DUBOIS et Arnaud ORTILLON, les animateurs permanents du club ados sont disponibles \u00e0 vos questions soit en venant les rencontrer \u00e0 la MPT, par mail animation.jeunes.mpt-barsuraube@orange.fr ou par t\u00e9l au 03 25 27 31 25 ou 06 82 97 09 75<\/p>\n<p style=\"text-align: center;\"><a href=\"https:\/\/i2.wp.com\/www.ados.mpt-barsuraube.fr\/wp-content\/uploads\/2018\/02\/Logo-MPT-Jean-Luc-Petit-temporaire.png\"><img decoding=\"async\" loading=\"lazy\" class=\"alignnone size-medium wp-image-831\" src=\"https:\/\/i2.wp.com\/www.ados.mpt-barsuraube.fr\/wp-content\/uploads\/2018\/02\/Logo-MPT-Jean-Luc-Petit-temporaire.png?resize=300%2C222\" alt=\"\" srcset=\"https:\/\/i2.wp.com\/www.ados.mpt-barsuraube.fr\/wp-content\/uploads\/2018\/02\/Logo-MPT-Jean-Luc-Petit-temporaire.png?resize=300%2C222 300w, https:\/\/i2.wp.com\/www.ados.mpt-barsuraube.fr\/wp-content\/uploads\/2018\/02\/Logo-MPT-Jean-Luc-Petit-temporaire.png?w=581 581w\" sizes=\"(max-width: 300px) 100vw, 300px\" data-recalc-dims=\"1\" \/><\/a><\/p>\n<p style=\"text-align: center;\">MPT Centre social de Bar-sur-Aube Jean Luc PETIT<\/p>\n<p style=\"text-align: center;\">5 rue abb\u00e9 Riel 10200 BAR SUR AUBE<\/p>\n<p style=\"text-align: center;\">T\u00e9l : 03 25 27 31 25&nbsp; &nbsp; &nbsp; &nbsp;Port : 06 82 97 09 75<\/p>\n<p style=\"text-align: center;\">animation.jeunes.mpt-barsuraube@orange.fr<\/p>\n","protected":false},"excerpt":{"rendered":"<p>Pour adh\u00e9rer au club ados, il faut \u00eatre coll\u00e9gien ou lyc\u00e9en et \u00eatre \u00e0 jour de sa cotisation annuelle qui a un co\u00fbt de 12 \u20ac&nbsp; l&rsquo;ann\u00e9e (adh\u00e9sion annuelle qui d\u00e9bute le 1er juillet 2024 et se terminera le 30&hellip; <\/p>\n","protected":false},"author":10,"featured_media":0,"parent":0,"menu_order":0,"comment_status":"closed","ping_status":"closed","template":"","meta":[],"_links":{"self":[{"href":"https:\/\/www.ados.mpt-barsuraube.fr\/index.php?rest_route=\/wp\/v2\/pages\/506"}],"collection":[{"href":"https:\/\/www.ados.mpt-barsuraube.fr\/index.php?rest_route=\/wp\/v2\/pages"}],"about":[{"href":"https:\/\/www.ados.mpt-barsuraube.fr\/index.php?rest_route=\/wp\/v2\/types\/page"}],"author":[{"embeddable":true,"href":"https:\/\/www.ados.mpt-barsuraube.fr\/index.php?rest_route=\/wp\/v2\/users\/10"}],"replies":[{"embeddable":true,"href":"https:\/\/www.ados.mpt-barsuraube.fr\/index.php?rest_route=%2Fwp%2Fv2%2Fcomments&post=506"}],"version-history":[{"count":18,"href":"https:\/\/www.ados.mpt-barsuraube.fr\/index.php?rest_route=\/wp\/v2\/pages\/506\/revisions"}],"predecessor-version":[{"id":1629,"href":"https:\/\/www.ados.mpt-barsuraube.fr\/index.php?rest_route=\/wp\/v2\/pages\/506\/revisions\/1629"}],"wp:attachment":[{"href":"https:\/\/www.ados.mpt-barsuraube.fr\/index.php?rest_route=%2Fwp%2Fv2%2Fmedia&parent=506"}],"curies":[{"name":"wp","href":"https:\/\/api.w.org\/{rel}","templated":true}]}}